ermine s(-1).
44
Let y(o) = 3*o**3 - 25*o**2 + 12*o - 30. Calculate y(8).
2
Let p(w) = w**3 - 26*w**2 + 62*w - 101. What is p(23)?
-262
Let h(i) = 109*i - 687. Calculate h(6).
-33
Let g(f) = -103*f - 2781. Calculate g(-27).
0
Let y(k) = 77*k**2 - 1537*k - 58. What is y(20)?
2
Let s(g) = -20*g**2 + 6*g + 2060. Give s(-10).
0
Let o(i) = -10*i + 1158. What is o(113)?
28
Let q(r) = -50*r - 987. Give q(-20).
13
Let y(l) = -2*l**3 + 2*l**2 + 133*l - 63. Give y(-8).
25
Let h(x) = -29*x + 111. What is h(6)?
-63
Let o(n) = 7*n**3 + 3*n**2 + 14*n + 22. Determine o(-2).
-50
Let u(s) = -s**3 + 15*s**2 + 42*s - 129. Give u(17).
7
Let j(x) = 75*x**2 + 201*x + 8. Calculate j(-2).
-94
Let d(s) = -57*s**2 - 502*s + 95. Give d(-9).
-4
Let z(v) = -25*v - 277. Calculate z(-8).
-77
Let a(t) = -25386*t + 228481. Determine a(9).
7
Let g(v) = 5*v**3 - 100*v**2 + 183*v - 58. What is g(18)?
-4
Let m(q) = -q**2 + 22*q - 22. Determine m(9).
95
Let b(f) = -f**3 + 4*f**2 + 30*f - 20. Determine b(8).
-36
Let y(d) = -74*d + 482. What is y(3)?
260
Let c(g) = 251*g + 3171. Determine c(-13).
-92
Let w(z) = -6*z**2 - 312*z + 1358. What is w(4)?
14
Let z(x) = 27*x**2 + 261*x + 364. Determine z(-8).
4
Let z(i) = -159*i + 7788. Calculate z(49).
-3
Let r(l) = 59*l**2 - 3*l + 2. Calculate r(1).
58
Let n(z) = -z**3 + 32*z**2 - 30*z - 3. Calculate n(1).
-2
Let l(j) = j**2 + 26*j + 165. Calculate l(-24).
117
Let t(f) = -127*f - 175. Determine t(-2).
79
Let o(z) = -z**3 - 40*z**2 - 178*z - 12. Calculate o(-5).
3
Let m(d) = -d**3 - 41*d**2 + 8*d + 3303. Calculate m(-39).
-51
Let v(l) = l**2 + 12*l + 37. What is v(-12)?
37
Let f(n) = 10*n**3 - n**2 + 12*n - 22. Calculate f(2).
78
Let r(u) = -4*u**2 + 52*u + 158. Calculate r(-3).
-34
Let o(z) = -16*z - 364. Give o(-19).
-60
Let h(y) = -38*y**2 + 10*y - 46. Give h(-4).
-694
Let t(x) = x**2 - 25*x + 120. Determine t(5).
20
Let f(v) = -2*v**3 + 12*v**2 - 21*v + 24. Determine f(4).
4
Let v(j) = -91*j + 640. Calculate v(7).
3
Let p(r) = r**3 - 9*r - 21. Calculate p(4).
7
Let b(c) = c**3 - 29*c**2 + 33*c - 133. Give b(28).
7
Let y(g) = 5330*g + 159893. What is y(-30)?
-7
Let x(l) = -23*l**3 - l**2 - 24*l - 52. Calculate x(-2).
176
Let i(v) = 2893*v - 46274. Give i(16).
14
Let y(t) = -49*t**2 - 4803*t - 103. Calculate y(-98).
-5
Let k(c) = c**2 - 49*c + 588. Give k(20).
8
Let x(s) = -s**3 - 4*s**2 - 20*s - 31. Determine x(-8).
385
Let b(m) = -2492*m - 54828. Calculate b(-22).
-4
Let q(t) = t**2 + 32*t - 63. Determine q(2).
5
Let p(s) = -s**2 + 22*s + 559. Give p(34).
151
Let r(a) = -9*a**2 - 277*a + 26. What is r(-31)?
-36
Let r(g) = -68*g + 334. What is r(5)?
-6
Let t(x) = -x**3 + 75*x**2 - x + 77. Calculate t(75).
2
Let q(c) = c**3 + 69*c**2 + 356*c - 4840. Calculate q(-62).
-4
Let t(z) = -z**3 + 16*z**2 - 60*z - 12. Give t(10).
-12
Let c(d) = 9*d**2 - 31*d + 1. What is c(3)?
-11
Let d(q) = -19*q**2 - 55*q + 89. What is d(-4)?
5
Let k(l) = -70*l - 482. Calculate k(-9).
148
Let y(r) = 2*r**3 - 94*r**2 - 113*r + 868. Give y(48).
52
Let v(l) = -66*l + 444. Calculate v(11).
-282
Let i(r) = -20*r - 116. Give i(-10).
84
Let d(k) = -50*k**2 + 2249*k - 119. Calculate d(45).
-164
Let g(y) = 45*y**2 - 34*y - 81. Calculate g(-3).
426
Let i(k) = -23*k - 1058. Calculate i(-45).
-23
Let i(p) = 3*p**2 + 592*p - 4705. What is i(-205)?
10
Let a(l) = 1811*l + 52509. What is a(-29)?
-10
Let x(c) = c**3 - c**2 - 11*c + 98. Determine x(8).
458
Let x(h) = 210*h + 1876. Give x(-9).
-14
Let b(o) = o**3 + 7*o**2 + 65*o + 337. Calculate b(-6).
-17
Let d(s) = 2*s**2 + 270*s + 908. What is d(-131)?
-140
Let n(u) = -68*u - 2521. Determine n(-37).
-5
Let c(v) = v**3 - 54*v**2 - 5*v. Give c(54).
-270
Let a(l) = 137*l + 2220. What is a(-16)?
28
Let y(p) = -40*p - 154. Give y(-29).
1006
Let b(o) = 75*o + 6. Give b(-5).
-369
Let n(t) = -6*t - 132. What is n(-20)?
-12
Let x(n) = -119*n + 2. Determine x(0).
2
Let r(z) = -29*z - 34. Calculate r(-15).
401
Let n(k) = -22*k**3 - 3059*k**2 - 139*k + 44. Calculate n(-139).
44
Let u(t) = -74*t - 664. What is u(-10)?
76
Let o(b) = 8*b + 197. What is o(-22)?
21
Let n(a) = a**2 - 25*a + 200. What is n(21)?
116
Let r(o) = 37*o**2 - 138*o - 2. Give r(4).
38
Let i(x) = 247*x + 2214. Calculate i(-9).
-9
Let w(l) = 9*l**3 - 6*l**2 - 22*l - 67. Determine w(-4).
-651
Let r(k) = 317*k + 4125. Give r(-13).
4
Let p(t) = t**3 - 5*t**2 + 45*t - 294. Give p(6).
12
Let i(a) = -3*a + 125. Give i(35).
20
Let q(h) = -2*h**2 - 95*h - 1100. What is q(-29)?
-27
Let k(t) = -31*t + 225. Calculate k(7).
8
Let j(p) = 77*p - 204. Calculate j(3).
27
Let o(z) = -20*z - 958. Determine o(-30).
-358
Let k(p) = 3*p**2 + 119*p + 67. Determine k(-40).
107
Let h(o) = -7*o**2 + 28*o + 16. Determine h(7).
-131
Let c(a) = -13*a + 511. Determine c(36).
43
Let n(x) = -x**3 - 2*x**2 - 4*x + 8. Determine n(1).
1
Let g(k) = k**3 + 16*k**2 - 50*k - 20. What is g(-19)?
-153
Let d(f) = 13*f + 621. Give d(-48).
-3
Let c(k) = 4*k**3 - 2*k**2 + k + 1. Determine c(1).
4
Let d(a) = 34*a - 567. What is d(17)?
11
Let s(i) = -4*i**3 - 47*i**2 - 136*i + 25. Give s(-5).
30
Let r(o) = -3*o**3 + 10*o**2 + 13*o - 63. Calculate r(5).
-123
Let t(y) = y**3 + 32*y**2 + 26*y + 352. Calculate t(-31).
507
Let i(l) = -19*l - 147. Determine i(-2).
-109
Let k(m) = -2*m**2 + 26*m + 13. Determine k(15).
-47
Let l(u) = 13*u**2 - 50*u + 8. What is l(3)?
-25
Let k(t) = -t**3 + 24*t**2 - 80*t + 19. What is k(20)?
19
Let y(o) = o**3 + 177*o**2 + 3140*o + 17. Give y(-157).
17
Let v(k) = k**3 + 16*k**2 + 70*k + 49. Calculate v(-8).
1
Let u(x) = -36*x - 291. Determine u(0).
-291
Let q(y) = y**3 - 40*y**2 + 123*y - 1774. What is q(38)?
12
Let y(k) = -3*k**2 - 38*k - 129. Determine y(-5).
-14
Let s(x) = -8*x**3 + 4*x**2 - 2*x - 5. Give s(-1).
9
Let n(i) = -3*i**3 - 3*i**2 - 2*i - 31. Give n(0).
-31
Let o(r) = -r**3 - 97*r**2 - 284*r - 182. Give o(-94).
6
Let v(n) = n**3 + 10*n**2 - 4*n + 6. Calculate v(-12).
-234
Let y(z) = z**3 + 28*z**2 + 4*z + 107. Calculate y(-28).
-5
Let o(i) = i**3 - 8*i**2 - 52*i + 297. Determine o(10).
-23
Let s(q) = -q**2 - 5*q + 127. Determine s(9).
1
Let l(b) = b**2 - 192*b + 8624. Give l(70).
84
Let j(b) = 193*b**3 + 3*b**2 - 8*b + 7. What is j(1)?
195
Let m(k) = -150*k**2 - 1648*k + 26. Determine m(-11).
4
Let t(n) = n**2 + 101*n - 1471. What is t(-114)?
11
Let b(o) = 530*o + 17457. Determine b(-33).
-33
Let z(b) = 133*b + 1282. Determine z(-8).
218
Let f(u) = -u**3 + 2*u**2 + 8*u - 2. Calculate f(3).
13
Let t(g) = g**3 - g**2 - 9*g - 14. Determine t(-3).
-23
Let d(l) = -l**3 + l**2 + 1562*l + 96. Calculate d(-39).
18
Let x(g) = -g**3 - 21*g**2 + 47*g - 80. Give x(-23).
-103
Let y(m) = -2*m**3 + 126*m**2 - 233*m - 104. Determine y(61).
567
Let p(k) = 2*k**3 - k**2 - 7*k - 6. Determine p(-3).
-48
Let m(u) = -2*u**2 - 370*u - 3218. Calculate m(-9).
-50
Let p(t) = -901*t + 50475. Calculate p(56).
19
Let o(p) = -3*p**3 + 33*p**2 - 60*p + 7. Give o(9).
-47
Let p(g) = g**2 - 32*g + 30. Give p(12).
-210
Let k(z) = z**2 - 18*z - 1958. Determine k(54).
-14
Let o(d) = -20*d + 432. Determine o(2).
392
Let p(n) = n**3 - 18*n**2 + 12*n - 223. Give p(18).
-7
Let k(s) = 14*s + 503. Give k(-35).
13
Let h(c) = -c**3 + 16*c**2 + 453*c + 368. What is h(31)?
-4
Let j(f) = -5*f**2 + 61*f - 83. Give j(12).
-71
Let o(g) = 5*g**2 + 275*g + 507. Calculate o(-53).
-23
Let z(d) = -d**3 - d**2 + 21. Give z(-5).
121
Let f(p) = -p**3 - 34*p**2 + 76*p + 193. Give f(-36).
49
Let i(j) = -j**3 + 9*j**2 - 33*j + 157. What is i(8)?
-43
Let r(d) = 175*d + 3101. Calculate r(-18).
-49
Let q(k) = -k**3 + 42*k**2 - 173*k - 488. Calculate q(7).
16
Let b(n) = n**3 - 74*n**2 - 399*n + 274. Determine b(79).
-42
Let m(c) = -353*c + 34936. Determine m(99).
-11
Let v(l) = -l**3 + 3*l**2 - 11*l + 13. Determine v(2).
-5
Let x(q) = 26*q**2 + 382*q - 31. Calculate x(-15).
89
Let x(t) = -22*t - 302. Give x(-14).
6
Let u(t) = -2*t**2 - 263*t - 885. What is u(-128)?
11
Let r(d) = -375*d + 7485. What is r(20)?
-15
Let x(a) = 144*a + 8. Give x(1).
152
Let p(c) = -2*c**3 + 50*c**2 + 1547*c - 14. What is p(-18)?
4
Let c(j) = -3*j**2 + 38*j + 1003. Calculate c(-13).
2
Let s(w) = 238*w - 1220. What is s(5)?
-30
Let o(t) = 95*t**2 + 1425*t - 2. What is o(-15)?
-2
Let j(a) = a**3 - 73*a**2 + 73*a - 77. Give j(72).
-5
Let i(c) = 7*c**2 + 543*c - 1